st common factor of 84830 and 1770.
10
Calculate the highest common divisor of 21 and 953.
1
Calculate the greatest common divisor of 114483 and 42495351.
3693
Calculate the greatest common divisor of 343086 and 242274.
1626
Calculate the greatest common factor of 11132 and 96094.
46
Calculate the greatest common factor of 3724 and 10278772.
532
What is the highest common factor of 6363 and 1017387?
63
Calculate the greatest common factor of 224073 and 8127.
1161
Calculate the greatest common factor of 507 and 44229328.
169
Calculate the greatest common factor of 50096 and 175584.
496
Calculate the greatest common factor of 9301314 and 858.
66
What is the greatest common factor of 103021 and 121884?
1451
What is the greatest common factor of 3863792 and 62304?
944
Calculate the highest common divisor of 381139 and 23078.
11
What is the highest common factor of 72 and 50715996?
12
What is the greatest common factor of 29652 and 153231?
3
What is the highest common factor of 798 and 1068252276?
798
What is the highest common factor of 12172 and 4734364?
68
Calculate the greatest common factor of 43535292 and 48.
12
What is the highest common factor of 2195775 and 189?
27
What is the highest common divisor of 111790 and 161?
7
What is the highest common divisor of 15019783 and 541?
541
Calculate the highest common divisor of 24062887 and 873.
97
What is the highest common divisor of 252 and 6309324?
252
Calculate the highest common factor of 5680 and 504195.
5
Calculate the greatest common divisor of 696 and 5559039.
87
What is the highest common divisor of 547 and 26807923?
547
What is the highest common divisor of 552 and 7252866?
138
Calculate the greatest common divisor of 23491472 and 56536.
1528
Calculate the highest common divisor of 45304 and 1288.
56
Calculate the greatest common divisor of 1045609 and 141.
47
What is the greatest common divisor of 134883 and 3359229?
6423
Calculate the greatest common factor of 13178 and 127864.
22
Calculate the greatest common divisor of 674397 and 18.
9
Calculate the greatest common divisor of 108520 and 3560.
40
Calculate the highest common divisor of 5473912 and 24.
8
Calculate the greatest common factor of 598 and 15239731.
299
What is the highest common divisor of 8 and 544553336?
8
What is the greatest common factor of 55624 and 3395518?
818
Calculate the highest common divisor of 8030665 and 94140.
2615
Calculate the highest common factor of 60121197 and 12.
3
What is the greatest common divisor of 1183875 and 21648?
1353
Calculate the highest common factor of 2300 and 8666400.
2300
What is the highest common factor of 161886 and 19218?
6
What is the highest common factor of 113061678 and 1704?
426
What is the highest common factor of 146784 and 138336?
1056
What is the greatest common factor of 470505453 and 33?
33
Calculate the greatest common factor of 468 and 2669121.
117
What is the highest common factor of 7338 and 58864213?
1223
What is the greatest common divisor of 5079648 and 160?
32
Calculate the highest common divisor of 442 and 6859619.
221
Calculate the greatest common divisor of 264 and 420363834.
66
What is the greatest common divisor of 2047 and 134260683?
2047
What is the greatest common divisor of 102045 and 40785?
15
Calculate the greatest common factor of 775312 and 27853496.
8248
What is the greatest common factor of 11680 and 562080?
160
What is the greatest common factor of 55 and 8095835?
55
Calculate the highest common factor of 2463 and 4554.
3
Calculate the highest common divisor of 4689951 and 133.
7
Calculate the greatest common factor of 135 and 3545397.
27
Calculate the highest common divisor of 2550912 and 21658.
182
What is the greatest common divisor of 1017 and 132571826?
113
What is the highest common divisor of 293260 and 233585?
1705
Calculate the greatest common divisor of 145668 and 76189.
61
What is the highest common factor of 92754792 and 33579?
4797
What is the greatest common divisor of 40631 and 1451815?
991
What is the highest common factor of 13835438 and 1166?
106
Calculate the highest common factor of 3154014 and 548.
274
Calculate the highest common divisor of 1242 and 154514966.
46
What is the highest common divisor of 13422110 and 568100?
2990
What is the greatest common factor of 24929050 and 14110?
830
What is the greatest common divisor of 235504 and 799664?
656
Calculate the highest common factor of 21 and 4355057.
7
What is the highest common factor of 116209567 and 76?
19
Calculate the greatest common factor of 4779819 and 99.
99
Calculate the highest common divisor of 1184886 and 9432.
18
Calculate the greatest common factor of 220 and 8636770.
10
What is the highest common factor of 144 and 123177168?
144
Calculate the highest common factor of 30956 and 189428.
284
Calculate the highest common factor of 11 and 12664641.
11
What is the highest common divisor of 645 and 16894227?
129
Calculate the greatest common divisor of 400 and 1155632.
16
What is the greatest common divisor of 3145 and 159715?
85
Calculate the highest common factor of 3846856 and 611.
611
Calculate the greatest common divisor of 12992 and 13168.
16
What is the highest common factor of 949 and 370799?
13
What is the greatest common factor of 33954570 and 3?
3
What is the highest common divisor of 28002 and 654?
6
What is the greatest common factor of 48365 and 375955?
85
Calculate the highest common factor of 130986439 and 9579.
3193
What is the highest common factor of 103014980 and 1167?
389
What is the highest common divisor of 456 and 47188856?
152
What is the highest common divisor of 105 and 1068137?
7
What is the highest common divisor of 4501048942 and 26?
26
Calculate the greatest common divisor of 68817 and 513793.
203
What is the highest common divisor of 59667773 and 73117?
4301
Calculate the highest common divisor of 30096 and 3529152.
1584
Calculate the greatest common factor of 21091188 and 44.
4
What is the greatest common divisor of 9 and 132858909?
9
Calculate the highest common divisor of 3807 and 374544.
81
Calculate the highest common factor of 2049400 and 106.
2
What is the highest common factor of 6700130 and 460?
230
What is the highest common divisor of 916 and 71156?
4
Calculate the greatest common divisor of 175 and 20598025.
175
What is the highest common divisor of 4031636 and 5480?
548
Calculate the greatest common divisor of 646018825 and 23.
23
Calculate the highest common divisor of 438 and 125079222.
438
Calculate the greatest common factor of 21105 and 179976405.
7035
Calculate the highest common factor of 16856997 and 1214.
607
What is the highest common factor of 277265 and 29226142?
2411
Calculate the greatest common factor of 178 and 249194.
2
What is the greatest common divisor of 126060 and 74118?
66
What is the greatest common divisor of 809802 and 439866?
126
What is the greatest common factor of 73002162 and 2370?
474
What is the highest common divisor of 351817988 and 183?
61
What is the greatest common factor of 11227456 and 91264?
1984
Calculate the highest common divisor of 8162 and 1522796.
1166
Calculate the highest common factor of 228288 and 3761184.
2784
What is the greatest common divisor of 2646840 and 6713?
959
Calculate the highest common divisor of 919034617 and 57.
19
Calculate the highest common divisor of 79 and 6098721.
79
Calculate the highest common divisor of 11 and 1499399814.
11
Calculate the highest common factor of 17770 and 123149654.
3554
What is the highest common divisor of 65 and 8097037?
13
Calculate the greatest common factor of 9639 and 98710245.
1377
What is the highest common divisor of 44897830 and 40?
10
What is the greatest common factor of 6020 and 6330890?
430
Calculate the greatest common factor of 9363 and 10395.
3
What is the greatest common divisor of 12401476 and 79388?
892
Calculate the greatest common divisor of 294 and 3155894.
98
What is the greatest common factor of 2906014 and 28067?
2159
What is the highest common divisor of 792 and 76274?
22
Calculate the greatest common divisor of 105 and 34417365.
15
What is the highest common factor of 930 and 2305?
5
What is the greatest common divisor of 21 and 30668463?
21
Calculate the greatest common factor of 1554 and 26338